 170 = h - 5*i, l*h - 928 = 2*h - i. What are the prime factors of h?
5, 37
Let f(z) = 4*z**3 - z**2 + 79 - 5*z**3 - 19 - z. List the prime factors of f(0).
2, 3, 5
Let q = 831 + -836. Let j be 3/(-2)*16/(-6). Let v = j - q. What are the prime factors of v?
3
Suppose 23 = 5*m + 2*v, 3*m + 0*m + 5*v = 10. Suppose -2*j = -4*z - 45 + 195, 2*z + m*j = 81. What are the prime factors of z?
2, 19
Let t(l) = 0*l - 89*l**2 + 43*l**2 + 47*l**2 + 11 - 13*l. Let m(p) = p**3 + 9*p**2 + 13. Let a be m(-9). List the prime factors of t(a).
11
Let y be -3*2/4*-2. Suppose y = v + 1. Suppose 0 = -h + v*d - 3*d - 2, -21 = -2*h + 3*d. What are the prime factors of h?
3
Let r = -1748 + 846. What are the prime factors of 4/(-8)*1 - r/4?
3, 5
Let d = 4626 - 3171. What are the prime factors of d?
3, 5, 97
Let k(b) = b**3 + 13*b**2 + 15*b + 23. List the prime factors of k(-10).
173
Suppose -37*j - 2838 = -4*y - 32*j, -4 = -2*j. List the prime factors of y.
2, 89
Suppose 21 = 4*c + 5. What are the prime factors of c + (12 - 3) - 4?
3
Suppose -f + 3 = -4*f. Let d(w) = -45*w - 1. Let h be d(f). Suppose 0 = -2*k - 2*p + 7*p + h, -3*k + 41 = 5*p. What are the prime factors of k?
17
Let c(a) = -1 - 54*a**2 + 59*a**2 + 3 + 2*a. List the prime factors of c(3).
53
Suppose 0 = -4*y - 286 + 1234. What are the prime factors of y?
3, 79
Suppose -r = 3*h - 269 - 238, -3*h = 2*r - 1005. List the prime factors of r.
2, 3, 83
Suppose 2*b - 4*n - 10 = 412, 4*n - 20 = 0. What are the prime factors of b?
13, 17
Suppose -2*v - 4*g = -82, g - 88 = -5*v + 153. What are the prime factors of v?
7
Let r be 2/5 + (-160)/25. What are the prime factors of (-3483)/(-189) + r/14?
2, 3
Let f = 219 + 87. What are the prime factors of f?
2, 3, 17
Suppose 4*x = 5*v + 6, -6*v - 18 = -5*x - 5*v. Let l be (8/(-14))/(2*4/(-28)). Suppose -100 = -4*s - 4*q, 3*s - 80 = -l*s + x*q. List the prime factors of s.
2, 5
Let l(o) = 213*o**2 - 135*o - 665. What are the prime factors of l(-5)?
5, 11, 97
Let m be (-10)/15*(-2)/((-2)/(-237)). Let p = m + -67. What are the prime factors of p?
7, 13
Let c = -1474 + 2173. What are the prime factors of c?
3, 233
Suppose b - 224 = -2*c + 5*b, 3*b - 6 = 0. Let o be 1*(-4)/3*-3. Suppose -2*h - 32 = 5*i - 96, c = 4*h + o*i. List the prime factors of h.
3
Let r(f) = f**2 - f - 3. Let q be r(3). Suppose -4*m - 217 = q*m. Let t = m - -33. What are the prime factors of t?
2
Suppose 3*n - 8888 = -5*k + 3265, -4858 = -2*k - 2*n. What are the prime factors of k?
3, 811
Let r = 24 + -8. Let k = r + 1. What are the prime factors of k?
17
Suppose 0 = b + 2*a - 888, 4*b + 0*a = -a + 3573. List the prime factors of b.
2, 3, 149
Suppose 0 = 22*y + 28*y - 187200. What are the prime factors of y?
2, 3, 13
Suppose 4*x + 4*f = -4, 0 = -0*x - x - 2*f - 4. Suppose 0 = 3*p - x*p, 3*p = 2*l + 166. Let r = l + 126. List the prime factors of r.
43
Suppose -4*s + 4 = -8*s. What are the prime factors of s*(5 - 4)*-89?
89
What are the prime factors of (7435/10)/(21/42)?
1487
Let z(p) = 24*p - 57. List the prime factors of z(10).
3, 61
Let s(c) = -18*c. Let j = -17 - -15. What are the prime factors of s(j)?
2, 3
What are the prime factors of (980/147)/(2/111)?
2, 5, 37
List the prime factors of (1 - 10/4)*(-72652)/123.
2, 443
Let c(u) be the first derivative of u**4/4 + 16*u**3/3 + 7*u**2/2 - 6*u + 9. List the prime factors of c(-15).
2, 3, 19
Suppose -f + 4351 = 3743. What are the prime factors of f?
2, 19
List the prime factors of 43 - 4*(-18)/(-24).
2, 5
Let h(x) = -x**2 + 7*x - 7. Let f = 8 + 5. Suppose q + 4*g + f = 0, 0*q - 1 = q + g. List the prime factors of h(q).
5
Suppose 0 = 7*f - 4*f - 24. Let y(m) = m**2 - 8*m + 2. Let p be y(f). List the prime factors of (-4)/p + 0 - -15.
13
Suppose -l = 2*x - 7, -5*l + 2*l = -5*x + 1. Let m be 118/((1 - x)/(-1)). Suppose -c + m = c. What are the prime factors of c?
59
Suppose -3*z + 4*v = 3*v - 153, -5*z + 235 = 5*v. Let h = -14 + z. What are the prime factors of h?
2, 3
Suppose 2*i - 76 = -i + 4*x, -4*i - 2*x + 138 = 0. Suppose d + 5*a - 6 = 0, -4*d + d - a + i = 0. Suppose 180 = d*g - 5*g. What are the prime factors of g?
2, 3, 5
Let p be 1 - (-1 + -2 + 2). Let t = 5 + p. Suppose 5*g - t*g = -28. List the prime factors of g.
2, 7
Suppose 4*s = 5*j - 147, -21 = -3*s + 4*s + 4*j. Let x = s + 76. What are the prime factors of x?
43
Suppose -12*j = -11*j - 41. Let v = j + -15. What are the prime factors of v?
2, 13
Suppose -4*c + 385 = -3*s, 2*s - 3*c + 225 + 32 = 0. Let m = s + 227. List the prime factors of m.
2, 5
Let z be 14/(-3) + (-24)/72. What are the prime factors of z/4 - 34/(-8)?
3
Suppose 7*f - 25 = 2*f. Suppose -5*v = -f*h + 3*h - 621, -507 = -4*v + 5*h. List the prime factors of v.
3, 41
Let u(p) = -p**3 + 9*p**2 - 11*p + 19. Let j be u(8). Let k(m) = -56*m - 54. List the prime factors of k(j).
2, 113
Let r = 26 + -31. What are the prime factors of 60/9*(-18)/r?
2, 3
Suppose 0 = -25*h + 19*h + 126. Suppose 103 - 4 = 3*v. Let r = v - h. List the prime factors of r.
2, 3
Let n = -496 + 703. List the prime factors of n.
3, 23
Suppose 0 = r + 5*o + 14 - 57, 0 = -r - 3*o + 43. What are the prime factors of r?
43
Suppose 7*w = -0*w - 16590. What are the prime factors of 4/(-26) + w/(-26)?
7, 13
Let n(w) = 62*w - 148. List the prime factors of n(17).
2, 3, 151
Suppose -5*l = r - 3*l + 15, l = 2*r + 20. Let b(g) = -g**3 - 12*g**2 - 7*g + 6. Let h be b(r). Let x = h - -64. What are the prime factors of x?
2, 13
Let y = 301 + -581. List the prime factors of (0 - -2 - y) + -5.
277
Suppose 0 = -i + 5*o + 1067, 13*i = 14*i - o - 1075. List the prime factors of i.
3, 359
Let d(x) be the third derivative of x**5/12 + 7*x**4/24 - 3*x**3 + 27*x**2. What are the prime factors of d(-6)?
2, 3, 5
Suppose -4*z - 2*j + 1464 = 0, 6*z - 4*j - 1098 = 3*z. List the prime factors of z.
2, 3, 61
Let g be 1*(0 - -97) + -3. Suppose -3*r - 2*r + 2*b + 154 = 0, 0 = -3*r + 2*b + g. What are the prime factors of r?
2, 3, 5
Let k(g) = -g**3 + 5*g**2 - 2*g - 2. Let h be k(2). Suppose 0*q - 24 = -h*q. Suppose 240 = i + q*i. What are the prime factors of i?
2, 3
Let x = -1116 - -2141. What are the prime factors of x?
5, 41
Suppose -1287 = -5*h + 38. List the prime factors of h.
5, 53
What are the prime factors of 351 - (584/(-120) - 4/30)?
2, 89
Let h = -4795 - -8394. What are the prime factors of h?
59, 61
Suppose -j = j - 260. Suppose -4*b - 3*i - 48 + 193 = 0, -2*i = -4*b + j. Suppose 2*v = -3*t + b, 19 = v + 5*t - 3*t. What are the prime factors of v?
11
Let n = -14 + 37. Suppose n*w - 24*w = -72. List the prime factors of w.
2, 3
Suppose 0 = 17*a - 20*a + 2484. Suppose -a + 2178 = 5*b. What are the prime factors of b?
2, 3, 5
Suppose -3*k = 4*o + 383, -2*o - 2*k - 169 = -5*k. Let y = o - -177. Suppose -5*j = -0*j - y. What are the prime factors of j?
17
Suppose 4*p - 6559 = -j, 38*p = 40*p + 4*j - 3290. What are the prime factors of p?
11, 149
Let n(t) = 31*t**2 - 73*t - 6. What are the prime factors of n(-4)?
2, 17, 23
Let o = -53 + 93. Let c be (-7)/(84/o)*-3. Let z = c + 30. List the prime factors of z.
2, 5
Suppose -161 = r - 2*s, -6*s + 3*s = 5*r + 870. What are the prime factors of ((-16)/18)/4 - 33896/r?
2, 3, 11
Suppose -4*p = -4*h - 48, 3*p + 3*h - 41 = -p. Let z be p + -9 + (-2)/2. What are the prime factors of (-2)/(4/(-44)*z)?
2, 11
Suppose -5*f = -4*w + 148, -3*f + 3 = -w + 40. Let h = w - 55. Let v = -7 - h. List the prime factors of v.
11
List the prime factors of 816 - -6 - (15 - 4).
811
Suppose -9*u + u = -976. List the prime factors of u.
2, 61
Suppose b + 24 = 4*b. List the prime factors of (0 - 1)/(b/(-344)).
43
Suppose 19 = 5*z + 4. Suppose o + 4*p = 83, -z*o + 258 = -0*o + 3*p. What are the prime factors of o?
3, 29
Let d(h) be the second derivative of h**5/20 - 2*h**4/3 + 2*h**3/3 - 3*h**2 - 3*h. List the prime factors of d(8).
2, 13
Suppose -47*n = -41*n - 5682. List the prime factors of n.
947
What are the prime factors of 3 + -6 + 98 + (-2 - -7)?
2, 5
Suppose 4*b + v + 2 = 0, v = 2*b + b - 2. Let z(r) = -r**3 + r**2 + r + 43. List the prime factors of z(b).
43
Let k(q) be the third derivative of q**5/60 - q**4/3 - 5*q**3/6 + 2*q**2. Let l = -36 + 45. List the prime factors of k(l).
2
Suppose 5*z + 1340 = 5*s, -13*s + 16*s - 2*z - 800 = 0. List the p